m be ((-7)/2)/(6/(-72)). Suppose -3*v = -2*d + m, -v = 4*d + 4*v - 106. What is the tens digit of d?
2
Let w = 127 - 90. What is the units digit of w?
7
Suppose 0*m - 4*m = 80. Let u = -10 - m. What is the units digit of u?
0
Let r(d) = d**3 - 5*d**2 + d + 4. Let f be r(5). Suppose -6*n = -f*n + 57. What is the tens digit of n?
1
Suppose -4*h + 518 = -u - u, -u - 640 = -5*h. What is the hundreds digit of h?
1
Suppose 5*m + 20 = 5*c, 0*c - 3*c = 2*m + 3. Let v(h) = -13*h + 1. What is the tens digit of v(m)?
4
Suppose -3*y - 5*l - 35 = 0, -y + 4*l + 15 = -l. Let i be ((-8)/5)/(2 + (-32)/20). Let k = i - y. What is the units digit of k?
1
Let m = 165 - 49. Suppose 0 = 4*c - 2*t - m, 5*c - 145 = -0*c - 4*t. Suppose 4*i = -g + c - 9, -g = -4*i + 28. What is the units digit of i?
6
Suppose -a + 5*a = 60. Suppose 5*t + a + 10 = 5*i, -2*i = -2. Let k = 9 + t. What is the units digit of k?
5
Suppose -90 = -3*d + y - 3*y, -4*y = -5*d + 172. What is the tens digit of d?
3
Let p be (-4)/18 + 1248/27. Suppose p = t + t. What is the tens digit of t?
2
Let m(f) = 17*f**2 + 14*f + 5. What is the units digit of m(-4)?
1
Let y = 283 + -71. What is the units digit of y?
2
Let u(s) = -s**2 + 6*s + 1. Let v be u(7). Let j be (v + 4)/((-1)/(-2)). What is the units digit of 2 - ((j - -2) + -1)?
5
Let k(a) = a**3 - 14*a**2 - 15*a + 12. What is the units digit of k(15)?
2
Let b = -4 + 4. Suppose -i + 4 = -b. Suppose 2*j - 5*j = i*t - 43, -1 = -3*t + 4*j. What is the units digit of t?
7
Suppose -213 = -a - 5*c, a = -2*a - 3*c + 615. What is the units digit of a?
3
Let q(b) = 7 - 3 - 6*b + 1 + 10*b. What is the units digit of q(11)?
9
Let y = -14 + 19. Let r(s) = s**2 - 3*s + 7. What is the units digit of r(y)?
7
Let d(b) = b - 6. Let l be d(7). Let s = l + 3. What is the units digit of s?
4
Suppose -4*f + 0*f = 0. Suppose f = -3*r + 15 - 3. Let m(t) = -t**2 + 6*t - 2. What is the units digit of m(r)?
6
Let z(w) = -4 + 2*w - 3 + 0*w. Let f = -35 - -40. What is the units digit of z(f)?
3
Let d = -35 - -52. Suppose 4*p - 1 = -d. Let u = 11 + p. What is the units digit of u?
7
Let d(a) = a**2 - 1. Let z be d(-1). Let m = z - -1. What is the units digit of m?
1
Let t(i) = 2*i - 29. Suppose -2*d = d - 12. Let a(p) = p - 14. Let c(r) = d*t(r) - 9*a(r). What is the units digit of c(5)?
5
Suppose -b = b. Suppose 3*r - 3*u - 15 = b, -3 = -3*r - 2*u + 7. What is the units digit of r?
4
Let o(p) = -p**2 + p + 4. Let a(h) = -h. Let t(i) = -2*a(i) + o(i). Let w be t(4). Suppose -83 = -5*k + g, 0 = -2*k - w*g - g + 36. What is the tens digit of k?
1
Let b(y) = y**3 + 9*y**2 + 1. Let v(w) = 2*w + 9. Let d be v(-9). Let z be b(d). What is the units digit of z + -2 + 2 - -4?
5
Suppose 25 = s - 2*b, -2*s - 5*b + 20 = s. Suppose -4*i = -i - s. What is the units digit of i?
5
Suppose -23 = -4*n + 97. What is the tens digit of n?
3
Let q = 12 - 9. Suppose q*i + i = 80. What is the units digit of i?
0
Let x(c) be the third derivative of c**6/120 + c**5/12 + c**4/12 + c**3 - 2*c**2. What is the units digit of x(-4)?
4
Let m(y) = 7*y**2 + 5*y - 7. What is the tens digit of m(3)?
7
Let x be 8/(-3)*-3 - 2. Suppose k - x = -2*k. What is the units digit of 1/2 - (-7)/k?
4
Suppose 2 = n - 1. Suppose n*b + 11 = -19. What is the units digit of (-86)/b - 14/(-35)?
9
Suppose -3*w - 2 - 37 = 0. Let b = 18 + w. Suppose -b*u + 17 = -13. What is the units digit of u?
6
Suppose -2*g = v - 321, 4*g + 3*v - 204 = 437. What is the units digit of g?
1
Let p = 49 + -35. Let q(t) = -t**3 + 3*t**2 + 5*t. Let s be q(4). Let g = p - s. What is the tens digit of g?
1
Suppose -52 - 7 = -s + f, 44 = s - 4*f. What is the units digit of s?
4
Suppose -5*l - 4 + 14 = t, -l + t + 8 = 0. Suppose 2*c + l*c = -15. What is the tens digit of 2/c + 32/3?
1
Let g(d) = d**2 + 5*d - 4. Let b be 1*(-1)/(-1) + 8. Suppose -c - b = -2. What is the units digit of g(c)?
0
Suppose -5*g + 38 = -y - 24, -4*y + 12 = 0. What is the units digit of g?
3
Let s(z) = -27*z + 3. What is the units digit of s(-2)?
7
Suppose -o - 462 = -4*o + 3*k, 4*o - 616 = -3*k. What is the hundreds digit of o?
1
Suppose 0 = 5*j - 3*z - 357, -341 = j - 6*j - z. What is the units digit of j?
9
Let w be (6 - 42)/((-6)/4). Let d = w - 14. What is the units digit of d?
0
Let a = 14 - 9. Suppose 2*k = -a*p - 33, -p + 3 = 8. What is the units digit of (-4 - -7) + k/2?
1
Let h be 3 + (1/(-1) - 1). Suppose h = 2*d - 3. Suppose -3*z - d*z = -45. What is the units digit of z?
9
Let c = -20 + 14. Suppose 3*y - 9 = 0, 9 = -2*o - y - 8. What is the units digit of (-34)/o + c/15?
3
Let q(j) = 3*j**3 + j + 1. Let z be q(-1). Let m = z + 3. Suppose m = -0*s + 4*s - 56. What is the units digit of s?
4
Let r = 3 - -1. What is the units digit of (6/r)/(6/40)?
0
Suppose 0*u - 2*u = 6. What is the tens digit of 47 + ((-9)/u)/1?
5
Let k = 5 + -1. Suppose 2*h + 71 = k*h - a, 74 = 2*h - 2*a. What is the tens digit of h?
3
Let j(u) = 14*u**2. Let i be j(1). Let w = i + -23. Let m(o) = -o**3 - 10*o**2 - 10*o + 1. What is the tens digit of m(w)?
1
Let n be (0 - 1)*(-76 - 3). Suppose -n = 4*j + 3*r - 4, 5*j + 60 = 3*r. What is the units digit of (4/5)/((-3)/j)?
4
Suppose -8*y = -12*y + 736. What is the tens digit of y?
8
Let l = 2 - 8. What is the units digit of (-14)/(-7) + (0 - l)?
8
Let a(l) = -2*l + 5. Let t be a(-7). Suppose 3*o - 53 = t. What is the units digit of o?
4
Let g(l) = 2*l**2 - 6*l + 1. What is the units digit of g(5)?
1
Let o = -37 + 69. Let j = o - 22. What is the tens digit of j?
1
What is the units digit of -3*((-248)/(-12))/(-2)?
1
Suppose b + b = 5*o - 215, 3*o - 129 = b. What is the units digit of o?
3
Suppose -2503 - 857 = -10*k. What is the tens digit of k?
3
Let p be (-6)/18*-3*2. What is the units digit of p/3*(-60)/(-8)?
5
What is the tens digit of 4*((-2)/4 - (-330)/4)?
2
Suppose 0*h - 27 = -3*h. Suppose 3 = -2*r + h. What is the units digit of r?
3
Suppose 6*k - 7 = 5. Suppose -v = -k*v + 10. What is the units digit of v?
0
Let c(j) = j**3 - j**2 - 3*j - 1. Let t be c(-2). Let r(k) = -k**3 - 8*k**2 - 9*k + 4. Let g be r(t). Let q = g + -10. What is the units digit of q?
8
Let l(m) = -4*m - 13. What is the tens digit of l(-6)?
1
Let o = -3 - -2. Let c(b) = b**2 - 6*b - 5. Let r be c(8). What is the tens digit of 2 + r + o*2?
1
Suppose w - 2*w + 25 = g, 4*g + 134 = 5*w. What is the units digit of w?
6
Suppose -2 + 38 = 4*t. What is the units digit of t?
9
Let o be (0 - 2/4)*-4. Suppose -5*v - 5*m = 40, -o*v + v - 8 = 3*m. Let z = v - -17. What is the units digit of z?
9
Suppose 0 = 3*m - h - 2*h - 12, -3*m + 2*h = -8. Suppose m*d = 3*d - 6. What is the units digit of d?
2
What is the units digit of (-1794)/(-18) + (-1)/(-3)?
0
Let s = 0 + 0. Let d = 12 - 7. Suppose -d*t - 5*k + 40 = -s*t, -12 = -t + k. What is the tens digit of t?
1
Suppose -16 + 1 = -5*n. Suppose 63 = 3*r - n*b, -2*r + 2*b = 3*r - 99. What is the tens digit of r?
1
Let v = -52 - -95. What is the tens digit of v?
4
Suppose 385 = 5*l + 5*r, -4*r - 89 = -l + 8. What is the tens digit of l?
8
Let a(w) = -w**2 + 4*w - 1. Let i be a(3). Suppose -3*d + 0 = -3. Suppose -i = -y + d. What is the units digit of y?
3
Let y = -18 + 9. Let w(d) = -d - 1. What is the units digit of w(y)?
8
Let k(r) = r - 5. Let h be k(12). Let t(a) be the third derivative of -a**6/120 + 7*a**5/60 + a**4/12 - 4*a**3/3 + 2*a**2. What is the units digit of t(h)?
6
Let a(h) = -8*h + 44. Let i(m) = -3*m + 15. Let v(z) = 4*a(z) - 11*i(z). What is the units digit of v(-6)?
5
Let u be 1/((-2)/3)*2. Let v(b) = b + 4. What is the units digit of v(u)?
1
What is the tens digit of 361/5 + 3/(-45)*3?
7
Let u(w) = w**2 - w + 4. Let b be u(0). Let c be (4/(-10))/(b/(-20)). Suppose -k - k = -c. What is the units digit of k?
1
Let a = 5 - 4. Let c = 4 + a. What is the units digit of c?
5
Let s = 75 + -44. What is the units digit of s?
1
Let f = -2 - -5. Suppose -2*a = -3*l - 14, -5*l - f - 18 = -3*a. What is the units digit of a?
7
Let w be (-3 - (-4)/2) + 5. Suppose -23 - 9 = -w*p. What is the units digit of p?
8
Suppose -5*j + 50 = -185. What is the tens digit of j?
4
Let l(z) = -z**2 + 4*z + 2. Let f be l(6). Suppose -a - 2 = -3*a. What is the units digit of (-15)/f*4/a?
6
Suppose z + 6 = -3*r, 2 = -2*z + 3*z - r. Suppose 4*s = -z*s + 12.